What is -96 (base 10) in base 3?
-10120
Convert 310 (base 6) to base 16.
72
1 (base 13) to base 12
1
What is -403 (base 5) in base 7?
-205
Convert -233 (base 6) to base 7.
-162
107 (base 11) to base 12
a8
Convert 16 (base 11) to base 2.
10001
-305 (base 7) to base 9
-178
What is 0 (base 6) in base 4?
0
Convert -2 (base 7) to base 5.
-2
3 (base 15) to base 11
3
What is -340 (base 5) in base 11?
-87
Convert 0 (base 6) to base 11.
0
What is -56 (base 7) in base 14?
-2d
What is 7 (base 12) in base 10?
7
Convert 55 (base 15) to base 7.
143
What is -72 (base 12) in base 16?
-56
-3 (base 16) to base 9
-3
113 (base 9) to base 14
69
What is -95 (base 13) in base 11?
-101
What is 2 (base 14) in base 7?
2
What is -22210 (base 3) in base 8?
-355
Convert 3 (base 5) to base 7.
3
10 (base 3) to base 6
3
-17 (base 12) to base 13
-16
Convert -2 (base 4) to base 16.
-2
Convert -2 (base 4) to base 9.
-2
What is 14 (base 6) in base 3?
101
What is 202 (base 5) in base 13?
40
-c4 (base 16) to base 9
-237
What is -11111 (base 2) in base 16?
-1f
What is -4 (base 11) in base 8?
-4
0 (base 13) to base 7
0
Convert -c (base 16) to base 6.
-20
What is -11 (base 14) in base 11?
-14
1a (base 15) to base 8
31
-10 (base 16) to base 8
-20
48 (base 10) to base 14
36
What is 5 (base 6) in base 16?
5
-1001 (base 2) to base 3
-100
What is -111000 (base 2) in base 9?
-62
Convert -16 (base 14) to base 16.
-14
22222 (base 3) to base 2
11110010
What is 130 (base 12) in base 9?
220
1100 (base 3) to base 11
33
What is 21 (base 6) in base 15?
d
Convert -222 (base 6) to base 14.
-62
-17 (base 13) to base 8
-24
What is 6 (base 11) in base 4?
12
What is 51 (base 7) in base 14?
28
-3d (base 14) to base 2
-110111
What is -23 (base 13) in base 5?
-104
3 (base 12) to base 5
3
Convert -6 (base 15) to base 11.
-6
0 (base 15) to base 8
0
What is 52 (base 12) in base 11?
57
Convert -1102 (base 3) to base 5.
-123
Convert 11 (base 3) to base 2.
100
-21 (base 4) to base 10
-9
42 (base 14) to base 6
134
What is -1 (base 3) in base 13?
-1
What is 0 (base 11) in base 6?
0
4 (base 15) to base 3
11
Convert 0 (base 3) to base 5.
0
Convert 8 (base 16) to base 6.
12
2 (base 10) to base 14
2
1 (base 5) to base 7
1
Convert -14 (base 6) to base 14.
-a
-320 (base 7) to base 16
-a1
23 (base 6) to base 15
10
Convert 1 (base 7) to base 15.
1
What is -140 (base 6) in base 3?
-2020
-1010 (base 2) to base 12
-a
Convert 1 (base 6) to base 11.
1
12 (base 4) to base 9
6
What is 101001100 (base 2) in base 16?
14c
Convert -2 (base 8) to base 15.
-2
What is 33 (base 10) in base 9?
36
Convert -6c (base 15) to base 12.
-86
What is 14 (base 5) in base 16?
9
What is 11 (base 14) in base 3?
120
Convert -b (base 16) to base 14.
-b
What is -1133 (base 6) in base 12?
-1a9
-5 (base 7) to base 8
-5
Convert 100 (base 10) to base 15.
6a
Convert 1 (base 11) to base 5.
1
51 (base 6) to base 11
29
What is -11 (base 8) in base 13?
-9
What is -23 (base 8) in base 2?
-10011
What is 11 (base 3) in base 15?
4
What is 211 (base 5) in base 2?
111000
Convert -65 (base 14) to base 6.
-225
What is 10100 (base 2) in base 14?
16
What is -5 (base 11) in base 15?
-5
-263 (base 8) to base 10
-179
Convert 157 (base 8) to base 2.
1101111
Convert -5 (base 8) to base 15.
-5
-1 (base 10) to base 8
-1
What is -2 (base 12) in base 10?
-2
What is 0 (base 15) in base 5?
0
Convert 75 (base 11) to base 13.
64
What is -3 (base 7) in base 13?
-3
What is 22 (base 6) in base 15?
e
32 (base 8) to base 5
101
What is -333 (base 7) in base 16?
-ab
-2221 (base 4) to base 2
-10101001
What is 15 (base 14) in base 10?
19
What is 10 (base 12) in base 11?
11
-18 (base 14) to base 16
-16
What is 10100 (base 2) in base 12?
18
What is 100 (base 4) in base 8?
20
4b (base 15) to base 2
1000111
-5b (base 16) to base 4
-1123
What is a8 (base 12) in base 15?
88
What is -10 (base 8) in base 6?
-12
What is 1 (base 2) in base 10?
1
-22 (base 5) to base 9
-13
-2 (base 16) to base 5
-2
47 (base 10) to base 4
233
2120 (base 3) to base 8
105
Convert -120 (base 4) to base 12.
-20
Convert -6 (base 12) to base 4.
-12
Convert -63 (base 15) to base 3.
-10110
What is -35 (base 16) in base 12?
-45
Convert 4 (base 14) to base 5.
4
Convert -9 (base 15) to base 13.
-9
Convert -44 (base 5) to base 7.
-33
What is 26 (base 14) in base 7?
46
Convert 55 (base 14) to base 16.
4b
What is 1 (base 3) in base 5?
1
-2 (base 10) to base 16
-2
0 (base 4) to base 6
0
What is -3 (base 6) in base 10?
-3
Convert -2 (base 5) to base 4.
-2
79 (base 15) to base 4
1302
What is -4 (base 6) in base 2?
-100
Convert 1112 (base 4) to base 6.
222
-14 (base 13) to base 8
-21
Convert -17 (base 13) to base 5.
-40
62 (base 7) to base 2
101100
What is 0 (base 10) in base 5?
0
2 (base 9) to base 8
2
Convert 0 (base 15) to base 3.
0
What is 35 (base 11) in base 15?
28
Convert -3 (base 4) to base 12.
-3
15 (base 8) to base 12
11
Convert 1 (base 2) to base 11.
1
Convert 100000011 (base 2) to base 12.
197
What is 1010 (base 2) in base 16?
a
Convert 112 (base 5) to base 10.
32
Convert 233 (base 5) to base 10.
68
Convert 4 (base 13) to base 8.
4
-2a (base 16) to base 12
-36
1 (base 15) to base 7
1
7 (base 15) to base 7
10
What is -100 (base 6) in base 14?
-28
-1333 (base 4) to base 5
-1002
Convert -7d (base 15) to base 8.
-166
Convert -34 (base 12) to base 3.
-1111
1c (base 13) to base 12
21
What is -3 (base 15) in base 6?
-3
-1 (base 13) to base 16
-1
Convert 81 (base 14) to base 16.
71
Convert 189 (base 13) to base 6.
1150
Convert -2 (base 13) to base 4.
-2
161 (base 7) to base 10
92
Convert 0 (base 7) to base 12.
0
What is 4 (base 8) in base 6?
4
-163 (base 7) to base 13
-73
Convert 2 (base 10) to base 2.
10
-131 (base 4) to base 12
-25
What is 3 (base 4) in base 13?
3
Convert 1001 (base 2) to base 12.
9
What is -32 (base 4) in base 5?
-24
11 (base 6) to base 16
7
9 (base 12) to base 10
9
-2 (base 8) to base 2
-10
Convert -9 (base 14) to base 7.
-12
What is 1 (base 7) in base 15?
1
What is -1 (base 6) in base 3?
-1
Convert 112220 (base 3) to base 4.
12102
-1 (base 14) to base 9
-1
-54 (base 9) to base 2
-110001
Convert 16 (base 7) to base 10.
13
What is 4 (base 11) in base 5?
4
What is -7 (base 13) in base 2?
-111
Convert -100 (base 2) to base 7.
-4
245 (base 11) to base 13
195
What is 200 (base 7) in base 3?
10122
Convert 2 (base 9) to base 15.
2
3 (base 11) to base 4
3
12 (base 13) to base 4
33
140 (base 10) to base 3
12012
-10 (base 10) to base 14
-a
5 (base 10) to base 5
10
Convert -10 (base 6) to base 7.
-6
What is -232 (base 7) in base 15?
-81
Convert -3 (base 14) to base 10.
-3
Convert 142 (base 9) to base 5.
434
0 (base 4) to base 10
0
-6 (base 9) to base 7
-6
Convert 64 (base 12) to base 8.
114
Convert -1010 (base 2) to base 15.
-a
What is -b5 (base 12) in base 6?
-345
-269 (base 10) to base 7
-533
Convert 111 (base 5) to base 15.
21
Convert -41 (base 12) to base 14.
-37
-30 (base 14) to base 9
-46
Convert 3c (base 13) to base 3.
1220
-111 (base 2) to base 16
-7
11 (base 6) to base 10
7
-10 (base 7) to base 15
-7
What is -20b (base 12) in base 13?
-1a0
14 (base 5) to base 12
9
What is 8 (base 13) in base 16?
8
What is 2 (base 9) in base 8?
2
Convert 12 (base 6) to base 5.
13
What is -110 (base 3) in base 10?
-12
-2 (base 14) to base 5
-2
Convert -2 (base 12) to base 10.
-2
Convert -86 (base 13) to base 2.
-1101110
What is -111 (base 2) in base 11?
-7
What is c6 (base 16) in base 11?
170
0 (base 15) to base 10
0
Convert 3 (base 7) to base 9.
3
What is -9 (base 14) in base 5?
-14
Convert 1 (base 3) to base 12.
1
What is 0 (base 4) in base 7?
0
What is 16 (base 15) in base 12?
19
Convert -21 (base 13) to base 16.
-1b
What is 3 (base 4) in base 8?
3
Convert 4 (base 12) to base 7.
4
Convert 0 (base 6) to base 15.
0
What is 47 (base 9) in base 7?
61
-30 (base 12) to base 5
-121
What is 168 (base 10) in base 16?
a8
Convert -10110 (base 3) to base 13.
-72
Convert 11111 (base 2) to base 7.
43
Convert -4 (base 13) to base 9.
-4
What is 3 (base 8) in base 9?
3
What is 104 (base 6) in base 12?
34
What is -a (base 11) in base 6?
-14
What is 116 (base 14) in base 13?
138
-8 (base 12) to base 2
-1000
What is 35 (base 6) in base 5?
43
-21020 (base 3) to base 10
-195
-2 (base 12) to base 9
-2
-2 (base 15) to base 9
-2
What is -22 (base 7) in